20446. Is m a prime number?
True
Let z(c) = 161*c**2 - c + 30. Let p be z(-5). Suppose -6*t - 22 = -p. Is t a prime number?
True
Let y(d) = 2904*d**2 + 89*d - 9. Is y(6) a composite number?
True
Is (-51)/68 - (-117454)/8 a prime number?
False
Suppose 267*i + 154*i - 151*i = 18550890. Is i composite?
True
Suppose 0*t = -5*t + 63160. Suppose -35*g + 27*g + t = 0. Is g a composite number?
False
Let y = 519 - -443. Is 12/6 + y - (-3)/1 prime?
True
Let z(d) = -41*d + 85. Let y be z(2). Suppose 0 = 2*x + 4*g - 19788 - 24226, g + 66042 = y*x. Is x a composite number?
False
Suppose -246394 = 873*l - 876*l - g, -5*g - 164223 = -2*l. Is l a composite number?
False
Is 2 + (48 - 6 - -9)/(18/13722) a composite number?
True
Let n be (-31 - -1)/(-6) - -1. Suppose n*d = 26816 + 85942. Is d prime?
True
Suppose 3*z = -f - 18607 - 66568, 28413 = -z + 5*f. Let v = -7552 - z. Is v composite?
True
Suppose -4*d - q + 5 = 0, d - 4*d - 1 = -4*q. Let y(o) = 5438*o**3 - 3*o**2 + 4*o - 2. Is y(d) a composite number?
False
Let f = -8 - -10. Suppose 12*b - 6 = 30. Suppose -f*u - h + 84 = 0, -4*h + 2*h + 125 = b*u. Is u composite?
False
Let w be ((-3)/1 - -24) + -5. Suppose -31 = z + 5*v, 2*v = -6*z + 5*z - w. Is 186/(-4)*(4/z + 0) a composite number?
False
Let n = 280970 + -136153. Is n a prime number?
True
Let r = 110 - 105. Suppose 82116 = 3*b + r*w, 2*b - 5*w + 6*w = 54751. Is b a composite number?
True
Is ((-2655418)/(-11))/(1094/6017) a composite number?
False
Let u(v) = 9*v**3 + 2*v**2 + v + 1. Let g be u(2). Suppose -a = -2*z - 5, 3*a - 10 - 5 = -4*z. Suppose 3*l + g = -2*h + 3*h, l + 443 = a*h. Is h composite?
False
Is (-749783379)/(-5319) - (48/(-27) + 2) a composite number?
True
Let q be (276/(-21))/(-4) - 2/7. Suppose -4*z + n = -81, -90 = -q*z - 2*z - n. Is (-2722)/(-3) + (-5)/(z + -4) a prime number?
True
Let b = 160691 + -51430. Is b a prime number?
False
Let b = -261 + 266. Suppose -3*a + 5283 = -4*k + 860, b*k = 5*a - 7375. Is a composite?
True
Let k = 28 - -3. Let y = k - -11. Let d = y + -32. Is d prime?
False
Let z = 615 - 130. Suppose z*p + 56655 = 494*p. Is p a composite number?
True
Suppose -113 = 6*t + 175. Let i be 2 - 1 - (-8)/(t/(-18)). Suppose 2425 = -i*u + 14533. Is u a composite number?
True
Suppose 117*r - 3899734 = -1398157. Is r prime?
False
Is 93875485/285*(0 + (2 + 1)*1) a prime number?
False
Suppose -43043 = 7*z + 7686. Let p = 10410 + z. Is p composite?
False
Let g(l) = 73*l**2 - 17*l - 16. Let k be (-5 - -8)/(18/60). Is g(k) composite?
True
Let u be 4/5 - (-475)/(-125). Let g(t) = 2*t**2 - 4*t + 3. Let y be g(u). Is 2853/3*y/9 a prime number?
False
Suppose -1145*i = -1128*i - 438958 - 699379. Is i prime?
False
Let v = 11 + 5. Suppose -19*w + 815 = -206*w + 28304. Let b = w - v. Is b a composite number?
False
Suppose 0 = 5*d - 4*d - 5. Suppose i - p = 4*p - 19, -4*i + d*p = 1. Let n(s) = 311*s - 19. Is n(i) prime?
True
Let d be (-4 + (-1 - 6))*(-2)/2. Let j be (1/(-3))/(d/21813). Let v = j + 1670. Is v composite?
False
Let a(w) = -133*w**3 - 13*w**2 - 7*w + 2. Let r be a(-4). Suppose -2*g = n - g - r, -2*n + 16673 = g. Is n composite?
True
Suppose 259*g - 1664306 = -2*f + 263*g, -4*f - 2*g + 3328572 = 0. Is f prime?
False
Suppose 180*p - 174*p - 21132 = 0. Let i = -2161 + p. Is i a prime number?
True
Let t be 12/(-14) - 380/(-133). Suppose -t*b + 1960 = 2*r - 2162, 6 = -3*r. Is b composite?
False
Suppose -2*d = -3*d + 3548. Let t be 50/(-4)*(-2)/5. Suppose -t*o + o = -d. Is o prime?
True
Suppose 19039 = 17*x + x - 5567. Is x prime?
True
Let p = 13042 - 8089. Suppose p = -6*j + 9*j. Is j composite?
True
Let z = -137 + 981. Suppose -2*v = -3*o - 1675, v = 8*o - 13*o + z. Is v composite?
False
Suppose 9 = -g - 3*a + 4, -61 = 5*g - 3*a. Let q(n) = -92*n + 139. Is q(g) composite?
False
Suppose 3 = 3*y + 30. Let u = -5 - y. Suppose -1078 = -2*o - u*b, -5*o + b = -573 - 2100. Is o a composite number?
True
Let j = 103601 + -29470. Is j a prime number?
True
Let j be 1*(7 + 3763) + 1. Let u be (-28164)/8*8/(-6). Suppose -j = -5*i + u. Is i a composite number?
False
Suppose -2*f + t = 3*t - 2540, -6380 = -5*f + t. Suppose -4*l = f - 16727. Is l a prime number?
True
Suppose 10 + 0 = -2*d, 3*d + 517 = 2*f. Let y = 450 - f. Is y a prime number?
True
Let l(h) = -70*h. Let i be l(2). Suppose 35*r = 39*r + 3*k - 909, -3*r = -3*k - 666. Let d = i + r. Is d a composite number?
True
Suppose 25*o - 15*o = -8*o + 5265594. Is o a prime number?
False
Let a = -54 + 42. Let k(l) = 3*l + 38. Let x be k(a). Suppose 0*v - d = v - 1189, x*d = -4. Is v composite?
True
Let c = -8 - 1. Let r(v) = 5*v**2 - 600 - 15*v + v**3 + v + 7*v**2 + 308 + 302. Is r(c) composite?
False
Let g = -279 + -333. Suppose -r = -0*r + 4*b - 1149, 2*r - 4*b = 2250. Let k = r + g. Is k a prime number?
True
Suppose -4*u - v = -5*v + 4, -5 = 3*u - 5*v. Suppose u = -0*s - 4*s + 3*b + 3244, b = 2*s - 1622. Is s composite?
False
Let o be 42/4 + 41/(-82). Suppose c + 120 = 2*i, -o*i + 5*i - 3*c + 289 = 0. Is i a composite number?
False
Suppose 22*z + 20 = 27*z. Suppose 4*t - t = -5*i + 18286, 2*t - 14630 = -z*i. Is i prime?
True
Is 936219/(12 + (-42)/4) - 4 a prime number?
False
Suppose 0 = z + 96 - 3505. Is z + 0/(-4 + -2) a prime number?
False
Suppose 52*z - 127869 = -2*k + 51*z, 0 = -2*k - 3*z + 127859. Suppose 25*n - k = 8*n. Is n a composite number?
False
Is (300/(-8))/(-5)*(-166899180)/(-1050) prime?
False
Let c be (-2 + 1 - 52)/(9/36). Let s be (c/8)/(0 - -1)*94. Let u = -922 - s. Is u a composite number?
True
Let f(p) be the third derivative of -p**5/60 - 13*p**4/12 + 13*p**3/2 + p**2 + 253*p. Let j be (1 + 22)*-1 + 1. Is f(j) prime?
True
Let x be (105/(-10) - -1)*-48 + 0. Let c = x - -553. Is c a composite number?
False
Suppose 0 = 4*d + 1 - 185. Suppose -b + d = -5*q, -q - 49 = 4*q - 4*b. Let s(y) = 6*y**2 - 17. Is s(q) prime?
False
Suppose 933*z - 753*z = 217703340. Is z a prime number?
True
Suppose 10 = 2*v + 4. Suppose 0*q = -m - 3*q - 1616, v*m + 3*q = -4878. Let i = m - -2384. Is i a composite number?
True
Suppose 3*c = -3*c + 8*c. Let l be ((-5)/(-2) - 3)*(c - 0). Suppose -d = i - 6*i - 657, l = -2*d + 5*i + 1324. Is d a prime number?
False
Suppose 24021240 - 1173557 = 115*g + 124*g. Is g a prime number?
True
Let f(z) = 21391*z - 55. Let h be f(13). Is (h/72)/((-2)/(-4)) prime?
True
Let q(v) be the second derivative of -63*v**3 + 67*v**2/2 + 52*v. Is q(-8) prime?
False
Suppose 5*u + 3*l = 8*u + 21, 2*l - 10 = 0. Is ((-140)/u)/((-3)/(-432)) + 1 composite?
True
Suppose -62252 = -4*z - 2*g + 27114, 0 = -3*z - 3*g + 67020. Is z a composite number?
False
Let i = -171746 + 336223. Is i prime?
True
Let d = -20864 - -36876. Let w = d + -8579. Is w a composite number?
False
Let p(d) = d + 1. Let t be p(-2). Let x be (-15)/6*(1 - t)*-1. Suppose -2*f - 5*j + 7228 = 1214, 2*j = -x*f + 15077. Is f prime?
False
Let v(g) = 13*g**2 + 8*g - 14. Let x be 552/(-56) - (-1)/(-7). Let r be -2*((-50)/12 - x/15). Is v(r) composite?
True
Let p(s) = 86462*s**2 + 54*s - 55. Is p(1) composite?
False
Suppose -5*v + 0*c - 372 = -3*c, -4*v + 3*c = 300. Let j be (3*1 - 1)/((-48)/v). Is (94/j)/(8/348) a composite number?
True
Let g(l) = -61*l**3 - 7*l**2 - 5*l + 7. Let p be g(-7). Suppose -21*f + p = -14*f. Let c = f + -2081. Is c composite?
True
Let t(o) = 5833*o - 1224. Is t(11) composite?
False
Let q = 38 - 26. Is (94*14/q)/((-10)/(-30)) composite?
True
Suppose -23*a + 116 - 47 = 0. Suppose -5*t = 54*i - 58*i + 34589, -a*i - 4*t = -25903. Is i a composite number?
False
Suppose -1554553 - 3347443 = 6*q - 50*q. Is q composite?
False
Is (6/4)/((-1047092)/(-74792) - 14) a composite number?
True
Let c = 322 + -226. Let q = 15 + 2. Let f = q + c. Is f a prime number?
True
Let i(d) = -d**2 - 7*d. Let t be i(-4). Suppose 4*j + 2*j = t. Is (-254 + 0)*j/(-4) composite?
False
Let m = -1792 - -1162. Let a = 1203 + m. Is a a prime number?
False
Let s = -141274 + 302445. Is s composite?
True
Suppose 9*w = -2*w - 37972. Let s = -993 - w. Is s prime?
True
Is 522266628/975 - 4/(-100)*-2 composite?
True
Is (150/70)/(-15) + (-486544)/(-14) prime?
False
Let g(p) be the first derivative of 1163*p**3/3 - p**2/2 + p - 1. Suppose s - 12 = -4*h - 3, -2*s + 8 = -2*h. Is g(h) composite?
False
Let a = -34 - -41. Suppose -4*c - a*c = -6